{"id":782,"date":"2018-10-01T15:33:48","date_gmt":"2018-10-01T13:33:48","guid":{"rendered":"https:\/\/www.schule-am-lousberg.de\/wordpress_3\/?page_id=782"},"modified":"2024-08-20T19:16:56","modified_gmt":"2024-08-20T17:16:56","slug":"projektwochen-mint-tage","status":"publish","type":"page","link":"https:\/\/www.schule-am-lousberg.de\/wordpress_3\/projektwochen-mint-tage\/","title":{"rendered":"Projektwochen"},"content":{"rendered":"<h5><span style=\"color: #000080;\"><strong>Projektwochen<\/strong><\/span><\/h5>\n<p style=\"text-align: justify;\"><img loading=\"lazy\" decoding=\"async\" class=\"alignleft size-medium wp-image-428\" src=\"https:\/\/www.schule-am-lousberg.de\/wordpress_3\/wp-content\/uploads\/2018\/09\/Schlange-1-300x300.jpg\" alt=\"\" width=\"300\" height=\"300\" srcset=\"https:\/\/www.schule-am-lousberg.de\/wordpress_3\/wp-content\/uploads\/2018\/09\/Schlange-1-300x300.jpg 300w, https:\/\/www.schule-am-lousberg.de\/wordpress_3\/wp-content\/uploads\/2018\/09\/Schlange-1-150x150.jpg 150w, https:\/\/www.schule-am-lousberg.de\/wordpress_3\/wp-content\/uploads\/2018\/09\/Schlange-1-100x100.jpg 100w, https:\/\/www.schule-am-lousberg.de\/wordpress_3\/wp-content\/uploads\/2018\/09\/Schlange-1.jpg 608w\" sizes=\"auto, (max-width: 300px) 100vw, 300px\" \/>Es ist an der Schule am Lousberg Tradition, dass Projektwoche und Sommerfest j\u00e4hrlich im Wechsel stattfinden.<\/p>\n<p style=\"text-align: justify;\">Zu einem <strong>wechselnden Thema<\/strong> wird eine Woche lang gearbeitet. In dieser Woche bieten die Lehrpersonen vormittags ein Projekt f\u00fcr die Sch\u00fclerinnen und Sch\u00fcler an, welches nachmittags von der OGS erg\u00e4nzt bzw. fortgef\u00fchrt werden kann. Die Kinder von Klasse 1 bis 4 verbringen gemeinsam eine Woche miteinander, in der sie zusammen lernen\/ forschen\/ entdecken\/ kreativ werden\/ planen, &#8230;<\/p>\n<p style=\"text-align: justify;\">In der Projektwoche kann Unterricht <strong>auch au\u00dferhalb der Schule<\/strong> stattfinden, z.\u00a0B. im Wald, im Zoo, am Bach etc., wenn es sich bei dem Thema anbietet.<\/p>\n<p style=\"text-align: justify;\">Die Projektwoche f\u00f6rdert die <strong>Selbstst\u00e4ndigkeit<\/strong> der Kinder. Jeder muss sich in der fremden Lerngruppe zurechtfinden. Gro\u00dfe helfen dabei Kleinen, eigenverantwortliches Lernen wird gef\u00f6rdert, die handelnde Auseinandersetzung mit der Wirklichkeit wird erm\u00f6glicht.<\/p>\n<p style=\"text-align: justify;\">Am Ende der Projektwoche findet eine <strong>Pr\u00e4sentation<\/strong> der neu gewonnenen Erkenntnisse\/ (geschaffenen) Projekt-Ergebnisse bei Kaffee und Kuchen statt. Die Cafeteria wird von den Eltern organisiert und durch Kuchenspenden erm\u00f6glicht. Der Erl\u00f6s kommt selbstverst\u00e4ndlich den Kindern zugute.<\/p>\n<p>&nbsp;<\/p>\n<p>&nbsp;<\/p>\n","protected":false},"excerpt":{"rendered":"<p>Projektwochen Es ist an der Schule am Lousberg Tradition, dass Projektwoche und Sommerfest j\u00e4hrlich im Wechsel stattfinden. Zu einem wechselnden Thema wird eine Woche lang gearbeitet. In dieser Woche bieten [&hellip;]<\/p>\n","protected":false},"author":1,"featured_media":0,"parent":0,"menu_order":0,"comment_status":"closed","ping_status":"closed","template":"","meta":{"footnotes":""},"class_list":["post-782","page","type-page","status-publish","hentry"],"_links":{"self":[{"href":"https:\/\/www.schule-am-lousberg.de\/wordpress_3\/wp-json\/wp\/v2\/pages\/782","targetHints":{"allow":["GET"]}}],"collection":[{"href":"https:\/\/www.schule-am-lousberg.de\/wordpress_3\/wp-json\/wp\/v2\/pages"}],"about":[{"href":"https:\/\/www.schule-am-lousberg.de\/wordpress_3\/wp-json\/wp\/v2\/types\/page"}],"author":[{"embeddable":true,"href":"https:\/\/www.schule-am-lousberg.de\/wordpress_3\/wp-json\/wp\/v2\/users\/1"}],"replies":[{"embeddable":true,"href":"https:\/\/www.schule-am-lousberg.de\/wordpress_3\/wp-json\/wp\/v2\/comments?post=782"}],"version-history":[{"count":26,"href":"https:\/\/www.schule-am-lousberg.de\/wordpress_3\/wp-json\/wp\/v2\/pages\/782\/revisions"}],"predecessor-version":[{"id":6504,"href":"https:\/\/www.schule-am-lousberg.de\/wordpress_3\/wp-json\/wp\/v2\/pages\/782\/revisions\/6504"}],"wp:attachment":[{"href":"https:\/\/www.schule-am-lousberg.de\/wordpress_3\/wp-json\/wp\/v2\/media?parent=782"}],"curies":[{"name":"wp","href":"https:\/\/api.w.org\/{rel}","templated":true}]}}

<h5><span style="color: #000080;"><strong>Projektwochen</strong></span></h5>
<p style="text-align: justify;"><img loading="lazy" decoding="async" class="alignleft size-medium wp-image-428" src="https://www.schule-am-lousberg.de/wordpress_3/wp-content/uploads/2018/09/Schlange-1-300x300.jpg" alt="" width="300" height="300" srcset="https://www.schule-am-lousberg.de/wordpress_3/wp-content/uploads/2018/09/Schlange-1-300x300.jpg 300w, https://www.schule-am-lousberg.de/wordpress_3/wp-content/uploads/2018/09/Schlange-1-150x150.jpg 150w, https://www.schule-am-lousberg.de/wordpress_3/wp-content/uploads/2018/09/Schlange-1-100x100.jpg 100w, https://www.schule-am-lousberg.de/wordpress_3/wp-content/uploads/2018/09/Schlange-1.jpg 608w" sizes="auto, (max-width: 300px) 100vw, 300px" />Es ist an der Schule am Lousberg Tradition, dass Projektwoche und Sommerfest jährlich im Wechsel stattfinden.</p>
<p style="text-align: justify;">Zu einem <strong>wechselnden Thema</strong> wird eine Woche lang gearbeitet. In dieser Woche bieten die Lehrpersonen vormittags ein Projekt für die Schülerinnen und Schüler an, welches nachmittags von der OGS ergänzt bzw. fortgeführt werden kann. Die Kinder von Klasse 1 bis 4 verbringen gemeinsam eine Woche miteinander, in der sie zusammen lernen/ forschen/ entdecken/ kreativ werden/ planen, &#8230;</p>
<p style="text-align: justify;">In der Projektwoche kann Unterricht <strong>auch außerhalb der Schule</strong> stattfinden, z. B. im Wald, im Zoo, am Bach etc., wenn es sich bei dem Thema anbietet.</p>
<p style="text-align: justify;">Die Projektwoche fördert die <strong>Selbstständigkeit</strong> der Kinder. Jeder muss sich in der fremden Lerngruppe zurechtfinden. Große helfen dabei Kleinen, eigenverantwortliches Lernen wird gefördert, die handelnde Auseinandersetzung mit der Wirklichkeit wird ermöglicht.</p>
<p style="text-align: justify;">Am Ende der Projektwoche findet eine <strong>Präsentation</strong> der neu gewonnenen Erkenntnisse/ (geschaffenen) Projekt-Ergebnisse bei Kaffee und Kuchen statt. Die Cafeteria wird von den Eltern organisiert und durch Kuchenspenden ermöglicht. Der Erlös kommt selbstverständlich den Kindern zugute.</p>
<p>&nbsp;</p>
<p>&nbsp;</p>

<p>Projektwochen Es ist an der Schule am Lousberg Tradition, dass Projektwoche und Sommerfest jährlich im Wechsel stattfinden. Zu einem wechselnden Thema wird eine Woche lang gearbeitet. In dieser Woche bieten [&hellip;]</p>
