{"id":72,"date":"2018-09-19T17:05:23","date_gmt":"2018-09-19T17:05:23","guid":{"rendered":"https:\/\/www.schule-am-lousberg.de\/wordpress_3\/?page_id=72"},"modified":"2024-09-09T16:55:03","modified_gmt":"2024-09-09T14:55:03","slug":"schulfeste","status":"publish","type":"page","link":"https:\/\/www.schule-am-lousberg.de\/wordpress_3\/schulleben\/schulfeste\/","title":{"rendered":"Schulfeste"},"content":{"rendered":"<h5><span style=\"color: #000080;\"><strong>Einschulung<\/strong><\/span><\/h5>\n<p style=\"text-align: justify;\"><img loading=\"lazy\" decoding=\"async\" class=\"alignleft size-medium wp-image-286\" src=\"https:\/\/www.schule-am-lousberg.de\/wordpress_3\/wp-content\/uploads\/2018\/09\/einschulung-1-300x300.jpg\" alt=\"\" width=\"300\" height=\"300\" srcset=\"https:\/\/www.schule-am-lousberg.de\/wordpress_3\/wp-content\/uploads\/2018\/09\/einschulung-1-300x300.jpg 300w, https:\/\/www.schule-am-lousberg.de\/wordpress_3\/wp-content\/uploads\/2018\/09\/einschulung-1-150x150.jpg 150w, https:\/\/www.schule-am-lousberg.de\/wordpress_3\/wp-content\/uploads\/2018\/09\/einschulung-1-100x100.jpg 100w, https:\/\/www.schule-am-lousberg.de\/wordpress_3\/wp-content\/uploads\/2018\/09\/einschulung-1.jpg 608w\" sizes=\"auto, (max-width: 300px) 100vw, 300px\" \/>Unsere allj\u00e4hrliche Einschulung beginnt mit einem \u00f6kumenischen Gottesdienst f\u00fcr die Schulneulinge mit ihren Angeh\u00f6rigen in der Pfarrkirche Heilig Kreuz. In den letzten Jahren wurde alternativ eine Segensfeier auf dem Schulhof unter Beteiligung der evangelischen, katholischen und muslimischen Gemeinde durchgef\u00fchrt.\u00a0 Danach empf\u00e4ngt die Schulgemeinde auf dem Schulhof die Erstkl\u00e4ssler zur Einschulungsfeier in der Aula oder bei gutem Wetter auf dem Schulhof. Hier begr\u00fc\u00dft die Schulleitung die Kinder der 1. Klasse. Ein buntes Programm empf\u00e4ngt die neuen Sch\u00fcler in unserer Schule.<\/p>\n<p style=\"text-align: justify;\">Einzelne Schulklassen gestalten musikalische und t\u00e4nzerische Darbietungen.\u00a0 In den ersten Schultagen wird jedem Erstkl\u00e4ssler ein Viertkl\u00e4ssler seiner Klasse als Pate zugeordnet.<\/p>\n<p style=\"text-align: justify;\">Nach der Feier geleitet die neue Klassenleitung die eingeschulten Erstkl\u00e4ssler in den Klassenraum. W\u00e4hrend der ersten Schulstunde Ihrer Kinder werden die Eltern von der Schulpflegschaft zu Kaffee und Kuchen eingeladen und erhalten die M\u00f6glichkeit zu einem Gespr\u00e4ch mit der Schulleitung, der OGS-Koordinatorin und der Schulsozialarbeiterin, wobei eventuelle Fragen in Ruhe gekl\u00e4rt werden k\u00f6nnen.<\/p>\n<h5><span style=\"color: #000080;\"><strong>Martinsfeier<\/strong><\/span><\/h5>\n<p style=\"text-align: justify;\"><img loading=\"lazy\" decoding=\"async\" class=\"alignleft size-medium wp-image-242\" src=\"https:\/\/www.schule-am-lousberg.de\/wordpress_3\/wp-content\/uploads\/2018\/09\/Laterne-300x300.jpg\" alt=\"\" width=\"300\" height=\"300\" srcset=\"https:\/\/www.schule-am-lousberg.de\/wordpress_3\/wp-content\/uploads\/2018\/09\/Laterne-300x300.jpg 300w, https:\/\/www.schule-am-lousberg.de\/wordpress_3\/wp-content\/uploads\/2018\/09\/Laterne-150x150.jpg 150w, https:\/\/www.schule-am-lousberg.de\/wordpress_3\/wp-content\/uploads\/2018\/09\/Laterne-100x100.jpg 100w, https:\/\/www.schule-am-lousberg.de\/wordpress_3\/wp-content\/uploads\/2018\/09\/Laterne.jpg 608w\" sizes=\"auto, (max-width: 300px) 100vw, 300px\" \/>J\u00e4hrlich findet das von der Pfarre Heilig Kreuz organisierte und vom F\u00f6rderverein unserer Schule unterst\u00fctzte traditionelle St. Martinsfest statt.<br \/>\nIn den Klassen wird das Martinsfest vormittags gem\u00fctlich gefeiert und das vom F\u00f6rderverein gestiftete Martinsbrot miteinander geteilt und gegessen.<\/p>\n<p style=\"text-align: justify;\">Von der Kirche aus zieht am fr\u00fchen Abend der Laternenzug des Viertels los, begleitet von St. Martin und einer Musikkapelle. Viele Kinder aus unserer Schule und den umliegenden Kinderg\u00e4rten nehmen daran teil. Auf ruhigen Wegen geht es zu unserem Schulhof, wo das Martinsfeuer bereits brennt und vor stimmungsvoller Kulisse die einge\u00fcbten Lieder gesungen werden. Nicht fehlen darf das szenische Spiel zur Martinslegende, bevor die s\u00fc\u00dfe Martinsgabe verteilt wird.<\/p>\n<p style=\"text-align: justify;\">Bei Weckm\u00e4nnern und w\u00e4rmenden Getr\u00e4nken folgt ein gem\u00fctlicher Ausklang mit Kindern und Eltern, der von der Schulpflegschaft gestaltet wird.<\/p>\n<h5><span style=\"color: #000080;\"><strong>Adventsfeier<\/strong><\/span><\/h5>\n<p style=\"text-align: justify;\"><img loading=\"lazy\" decoding=\"async\" class=\"alignleft size-medium wp-image-1306\" src=\"https:\/\/www.schule-am-lousberg.de\/wordpress_3\/wp-content\/uploads\/2018\/12\/P1140454-300x216.jpg\" alt=\"\" width=\"300\" height=\"216\" srcset=\"https:\/\/www.schule-am-lousberg.de\/wordpress_3\/wp-content\/uploads\/2018\/12\/P1140454-300x216.jpg 300w, https:\/\/www.schule-am-lousberg.de\/wordpress_3\/wp-content\/uploads\/2018\/12\/P1140454-768x554.jpg 768w, https:\/\/www.schule-am-lousberg.de\/wordpress_3\/wp-content\/uploads\/2018\/12\/P1140454-1024x739.jpg 1024w, https:\/\/www.schule-am-lousberg.de\/wordpress_3\/wp-content\/uploads\/2018\/12\/P1140454.jpg 1922w\" sizes=\"auto, (max-width: 300px) 100vw, 300px\" \/>In der Adventszeit findet jeden Montag unsere gemeinsame Adventsfeier in der Eingangshalle statt.\u00a0 Alle Kinder stellen sich still um die Krippe auf.\u00a0 Nach einer kurzen Begr\u00fc\u00dfung gestalten die Kinder die Feier mit kleinen einge\u00fcbten Beitr\u00e4gen. Gedichte und musikalische Darbietungen der Sch\u00fcler bringen den Kindern die vorweihnachtliche Zeit auf eine ganz besondere Art nahe. Die Schulgemeinschaft st\u00e4rkt auf diese Weise ihr Gemeinschaftsgef\u00fchl, au\u00dferdem erfahren die Kinder den Wert von Traditionen und Brauchtumspflege. Mit Sicherheit wird die Freude am gemeinsamen Singen und Musizieren geweckt.<\/p>\n<h5><span style=\"color: #000080;\"><b>Weihnachtsfeier der gesamten Schule<\/b><\/span><\/h5>\n<p align=\"justify\">Kurz vor den Weihnachtsferien findet eine Weihnachtsfeier der gesamten Schule statt. Das Schulgeb\u00e4ude und die Klassen sind weihnachtlich geschm\u00fcckt und jede Klasse bereitet ein Angebot f\u00fcr den Nachmittag vor.<img loading=\"lazy\" decoding=\"async\" class=\"wp-image-6685 size-medium alignright\" src=\"https:\/\/www.schule-am-lousberg.de\/wordpress_3\/wp-content\/uploads\/2024\/09\/blauerStern-241x300.jpg\" alt=\"\" width=\"241\" height=\"300\" srcset=\"https:\/\/www.schule-am-lousberg.de\/wordpress_3\/wp-content\/uploads\/2024\/09\/blauerStern-241x300.jpg 241w, https:\/\/www.schule-am-lousberg.de\/wordpress_3\/wp-content\/uploads\/2024\/09\/blauerStern-821x1024.jpg 821w, https:\/\/www.schule-am-lousberg.de\/wordpress_3\/wp-content\/uploads\/2024\/09\/blauerStern-768x957.jpg 768w, https:\/\/www.schule-am-lousberg.de\/wordpress_3\/wp-content\/uploads\/2024\/09\/blauerStern-1232x1536.jpg 1232w, https:\/\/www.schule-am-lousberg.de\/wordpress_3\/wp-content\/uploads\/2024\/09\/blauerStern-1643x2048.jpg 1643w\" sizes=\"auto, (max-width: 241px) 100vw, 241px\" \/><\/p>\n<p align=\"justify\">Zu Beginn versammelt sich die Schulgemeinde und die Schulleitung er\u00f6ffnet die Feier. Weihnachtliche Stimmung verbreitet sich sp\u00e4testens beim gemeinsamen Singen.<br \/>\nIm Anschluss daran sind alle Sch\u00fcler und Sch\u00fclerinnen, Eltern, Geschwister, Gro\u00dfeltern und Freunde eingeladen in gem\u00fctlicher Atmosph\u00e4re unterschiedlichste Bastel- und Werkelangebote auszuprobieren, bei der Kleidertauschb\u00f6rse zu st\u00f6bern und sich bei einem hei\u00dfen Getr\u00e4nk und dem ein oder anderen Weihnachtspl\u00e4tzchen zu unterhalten und vom besonderen Zauber der Vorweihnachtszeit anstecken zu lassen.<\/p>\n<h5 align=\"justify\"><span style=\"color: #000080;\">PROJEKTWOCHE<\/span><\/h5>\n<p><img loading=\"lazy\" decoding=\"async\" class=\"alignleft size-medium wp-image-287\" src=\"https:\/\/www.schule-am-lousberg.de\/wordpress_3\/wp-content\/uploads\/2018\/09\/Wagen-300x300.jpg\" alt=\"\" width=\"300\" height=\"300\" srcset=\"https:\/\/www.schule-am-lousberg.de\/wordpress_3\/wp-content\/uploads\/2018\/09\/Wagen-300x300.jpg 300w, https:\/\/www.schule-am-lousberg.de\/wordpress_3\/wp-content\/uploads\/2018\/09\/Wagen-150x150.jpg 150w, https:\/\/www.schule-am-lousberg.de\/wordpress_3\/wp-content\/uploads\/2018\/09\/Wagen-100x100.jpg 100w, https:\/\/www.schule-am-lousberg.de\/wordpress_3\/wp-content\/uploads\/2018\/09\/Wagen.jpg 608w\" sizes=\"auto, (max-width: 300px) 100vw, 300px\" \/><\/p>\n<p class=\"western\" align=\"justify\"><span style=\"font-size: medium;\">Es ist an der Schule am Lousberg Tradition, dass Projektwoche und Sommerfest j\u00e4hrlich im Wechsel stattfinden. Alle zwei Jahre also erleben die Kinder eine Projektwoche an der Schule.<\/span><\/p>\n<p class=\"western\" align=\"justify\"><span style=\"font-size: medium;\">Die ganze Schule beschlie\u00dft in der Regel ein Oberthema, zu dem eine Woche lang gearbeitet wird. In dieser Woche bieten die Lehrpersonen vormittags ein Projekt f\u00fcr die Sch\u00fcler*innen an. Die Kinder von Klasse 1 bis 4 verbringen gemeinsam eine Woche miteinander, in der sie zusammen lernen, forschen, entdecken und kreativ werden &#8230;<\/span><\/p>\n<p class=\"western\" align=\"justify\"><span style=\"font-size: medium;\">In der Projektwoche kann Unterricht auch au\u00dferhalb der Schule stattfinden, z.\u00a0B. im Wald, im Zoo, am Bach etc., wenn es sich bei dem Thema anbietet.<\/span><\/p>\n<p class=\"western\" align=\"justify\"><span style=\"font-size: medium;\">Die Projektwoche f\u00f6rdert die Selbstst\u00e4ndigkeit der Kinder. Jeder muss sich in der fremden Lerngruppe zurechtfinden. Gro\u00dfe helfen dabei Kleinen, eigenverantwortliches Lernen wird gef\u00f6rdert, die handelnde Auseinandersetzung mit der Wirklichkeit wird erm\u00f6glicht.<\/span><\/p>\n<p style=\"text-align: justify;\">Am Ende unserer Projektwochen (im Blog ein Beispiel zur &#8222;<a href=\"https:\/\/www.schule-am-lousberg.de\/wordpress_3\/2018\/06\/mint-projekttage\/\">MINT-Projektwoche<\/a> und zur Projektwoche <a href=\"https:\/\/www.schule-am-lousberg.de\/wordpress_3\/2023\/05\/die-projektwoche-2023-lesen-bewegt-buecher-bewegen\/\">&#8222;Lesen bewegt<\/a>&#8222;) findet eine Pr\u00e4sentation der Projekt- Ergebnisse statt. Bei Kaffee und Kuchen k\u00f6nnen sich die Eltern bei Bedarf austauschen.<\/p>\n<p>Die Cafeteria wird von aktiven Eltern organisiert und durch Kuchenspenden aller Klassen erm\u00f6glicht. Der Erl\u00f6s kommt nat\u00fcrlich den Kindern zugute.<\/p>\n<h5><span style=\"color: #000080;\"><b>Karneval am Lousberg<\/b><\/span><\/h5>\n<p align=\"justify\">Jedes Jahr am Fettdonnerstag hei\u00dft es \u201eSchule am Lousberg &#8211; Alaaf\u201c. Viele Kinder, Lehrkr\u00e4fte und Betreuungspersonen kommen in fantasievollen und farbenfrohen Kost\u00fcmen in die Schule. Dort verbringt jede Klasse erst einmal in ihrem Klassenraum eine fr\u00f6hliche Zeit, bei der diverse Partyspiele und jecke Lieder nat\u00fcrlich nicht fehlen d\u00fcrfen. Im Anschluss ziehen alle Klassen in einer Polonaise durch das Schulgeb\u00e4ude bis in die Aula. <img loading=\"lazy\" decoding=\"async\" class=\"alignnone size-full wp-image-6253\" src=\"https:\/\/www.schule-am-lousberg.de\/wordpress_3\/wp-content\/uploads\/2024\/02\/Karneval-impressionen.jpg\" alt=\"\" width=\"524\" height=\"530\" srcset=\"https:\/\/www.schule-am-lousberg.de\/wordpress_3\/wp-content\/uploads\/2024\/02\/Karneval-impressionen.jpg 524w, https:\/\/www.schule-am-lousberg.de\/wordpress_3\/wp-content\/uploads\/2024\/02\/Karneval-impressionen-297x300.jpg 297w, https:\/\/www.schule-am-lousberg.de\/wordpress_3\/wp-content\/uploads\/2024\/02\/Karneval-impressionen-100x100.jpg 100w\" sizes=\"auto, (max-width: 524px) 100vw, 524px\" \/>Hier wird mit einem bunten Programm weitergefeiert, bei dem nicht nur einzelne Klassen, sondern meist auch das Lehrerkollegium einen lustigen Auftritt pr\u00e4sentiert. Gemeinsam wird gesungen und getanzt bis um 11.11 Uhr alle Sch\u00fcler und Sch\u00fclerinnen in die \u201etollen Tage\u201c verabschiedet werden.<\/p>\n<p><strong style=\"color: #000080; font-size: 0.8125rem; letter-spacing: 0.15em; text-transform: uppercase;\">Bundesjugendspiele<br \/>\n<\/strong><span style=\"font-size: medium;\">Unsere Bundesjugendspiele \u2013 Wettbewerb Leichtathletik \u2013 finden bei uns jedes Jahr statt und sind auf das seit 2013 verbindliche Wettkampfsystem Kinderleichtathletik des Deutschen Leichtathletik-Verbandes abgestimmt. Der Wettbewerb beinhaltet an der GGS Schule am Lousberg zum einen Disziplinen der Kinderleichtathletik und Mannschaftsspa\u00dfwettk\u00e4mpfe.<\/span><\/p>\n<p align=\"justify\"><span style=\"font-size: medium;\">Im 1. Schuljahr finden die Bundesjugendspiele bei uns als \u201eSchnuppertag\u201c mit koordinativen \u00dcbungen als Mannschaftsspa\u00dfwettkampf (Sackh\u00fcpfen, Vierf\u00fc\u00dflerlauf, Zitronenhockey, \u2026) statt. In den anderen Schuljahren wird der o.g. Wettkampf mit den Mannschaftsspa\u00dfwettk\u00e4mpfen kombiniert.<br \/>\n<\/span><span style=\"font-size: medium;\">Die Wertung wird innerhalb der Klasse nach M\u00e4dchen und Jungen getrennt durchgef\u00fchrt. Eine Wertung innerhalb der einzelnen Jahrgangsstufen ist auch m\u00f6glich.<\/span><\/p>\n<p align=\"justify\"><span style=\"font-size: medium;\">Die in den vier ausgew\u00e4hlten \u00dcbungen erreichten Platzziffern werden addiert. Bezogen auf die sich aus der Berechnung ergebende Reihenfolge erhalten<\/span><\/p>\n<ul>\n<li>\n<p align=\"justify\"><span style=\"font-size: medium;\">die vorderen 20% (mit den niedrigsten Platzziffern) die Ehrenurkunde<\/span><\/p>\n<\/li>\n<li>\n<p align=\"justify\"><span style=\"font-size: medium;\">die mittleren 50% die Siegerurkunde.<\/span><\/p>\n<\/li>\n<li>\n<p align=\"justify\"><span style=\"font-size: medium;\">die anderen 30% erhalten die Teilnehmerurkunde.<img loading=\"lazy\" decoding=\"async\" class=\"wp-image-5047 size-medium alignright\" src=\"https:\/\/www.schule-am-lousberg.de\/wordpress_3\/wp-content\/uploads\/2022\/07\/Weitsprung-300x193.jpg\" alt=\"\" width=\"300\" height=\"193\" srcset=\"https:\/\/www.schule-am-lousberg.de\/wordpress_3\/wp-content\/uploads\/2022\/07\/Weitsprung-300x193.jpg 300w, https:\/\/www.schule-am-lousberg.de\/wordpress_3\/wp-content\/uploads\/2022\/07\/Weitsprung-768x495.jpg 768w, https:\/\/www.schule-am-lousberg.de\/wordpress_3\/wp-content\/uploads\/2022\/07\/Weitsprung.jpg 1024w\" sizes=\"auto, (max-width: 300px) 100vw, 300px\" \/><\/span><\/p>\n<\/li>\n<\/ul>\n<p align=\"justify\"><span style=\"font-size: medium;\">Auf der Urkunde werden als Punktzahl die Summer der erreichten Platzziffern eingetragen (z.B. 5. Platz von 18 Teilnehmer*innen).<\/span><\/p>\n<p align=\"justify\"><span style=\"font-size: medium;\">Auf den Ehrenurkunden ist die Unterschrift des aktuell amtierenden Bundespr\u00e4sidenten zu finden.<\/span><\/p>\n<p align=\"justify\"><span style=\"font-size: medium;\">Die Bundesjugendspiele k\u00f6nnen nur aufgrund der vielen Helfer*innen aus der Elternschaft gut durchgef\u00fchrt werden. F\u00fcr diese Unterst\u00fctzung danken wir sehr.<\/span><\/p>\n<p align=\"justify\"><span style=\"font-size: medium;\">F\u00fcr die Verpflegung sorgen allj\u00e4hrlich die Schulpflegschaft und der F\u00f6rderverein der Schule.<\/span><\/p>\n<h5><span style=\"color: #000080;\"><strong>Sommerfest<\/strong><\/span><\/h5>\n<p style=\"text-align: justify;\"><img loading=\"lazy\" decoding=\"async\" class=\"alignleft size-medium wp-image-288\" src=\"https:\/\/www.schule-am-lousberg.de\/wordpress_3\/wp-content\/uploads\/2018\/09\/Schlange-300x300.jpg\" alt=\"\" width=\"300\" height=\"300\" srcset=\"https:\/\/www.schule-am-lousberg.de\/wordpress_3\/wp-content\/uploads\/2018\/09\/Schlange-300x300.jpg 300w, https:\/\/www.schule-am-lousberg.de\/wordpress_3\/wp-content\/uploads\/2018\/09\/Schlange-150x150.jpg 150w, https:\/\/www.schule-am-lousberg.de\/wordpress_3\/wp-content\/uploads\/2018\/09\/Schlange-100x100.jpg 100w, https:\/\/www.schule-am-lousberg.de\/wordpress_3\/wp-content\/uploads\/2018\/09\/Schlange.jpg 608w\" sizes=\"auto, (max-width: 300px) 100vw, 300px\" \/>Alle zwei Jahre findet an unserer Schule ein Sommerfest statt. Es ist ein Spielfest f\u00fcr die Sch\u00fclerinnen und Sch\u00fcler unserer Schule, klassen\u00fcbergreifend zu einem Leitthema. Geschwister, Eltern, Gro\u00dfeltern und Freunde werden von den Sch\u00fclern bzw. Eltern eingeladen sowie die zuk\u00fcnftigen Erstkl\u00e4ssler mit ihren Familien.<\/p>\n<p style=\"text-align: justify;\">Es soll nicht nur die Spielfreude der Kinder f\u00f6rdern, sondern auch den Kontakt der Eltern untereinander und zur Schule pflegen.\u00a0An dem Tag des Festes plant jede Klasse mit Hilfe der Eltern bzw. Lehrer ein Spiel. Die Kinder d\u00fcrfen an allen Stationen ihr Gl\u00fcck und Geschick testen.<\/p>\n<p style=\"text-align: justify;\">Eltern organisieren eine Cafeteria, die ein vielf\u00e4ltiges Angebot enth\u00e4lt: Kaffee, Kuchen, Obst, S\u00e4fte usw. werden gespendet. Der Erl\u00f6s der Cafeteria dient u.\u00a0a. zur Anschaffung von neuen Spielger\u00e4ten f\u00fcr die Sch\u00fclerschaft.<\/p>\n<h5><span style=\"color: #000080;\"><strong>Verabschiedung der Viertkl\u00e4ssler<\/strong><\/span><\/h5>\n<p style=\"text-align: justify;\"><img loading=\"lazy\" decoding=\"async\" class=\"alignleft size-medium wp-image-740\" src=\"https:\/\/www.schule-am-lousberg.de\/wordpress_3\/wp-content\/uploads\/2018\/10\/himmel-300x300.jpg\" alt=\"\" width=\"300\" height=\"300\" srcset=\"https:\/\/www.schule-am-lousberg.de\/wordpress_3\/wp-content\/uploads\/2018\/10\/himmel-300x300.jpg 300w, https:\/\/www.schule-am-lousberg.de\/wordpress_3\/wp-content\/uploads\/2018\/10\/himmel-150x150.jpg 150w, https:\/\/www.schule-am-lousberg.de\/wordpress_3\/wp-content\/uploads\/2018\/10\/himmel.jpg 768w, https:\/\/www.schule-am-lousberg.de\/wordpress_3\/wp-content\/uploads\/2018\/10\/himmel-100x100.jpg 100w\" sizes=\"auto, (max-width: 300px) 100vw, 300px\" \/>F\u00fcr die Viertkl\u00e4ssler endet die Grundschulzeit mit einer stimmungsvollen Ve<span style=\"font-size: 1rem;\">rabsc<\/span><span style=\"font-size: 1rem;\">hie<\/span>dungsfeier. Unsere Gro\u00dfen erhalten von ihren Patenkindern ein selbst gebasteltes Erinnerungsgeschenk.<\/p>\n<p style=\"text-align: justify;\">Der letzte Schultag in unserer Grundschule beginnt mit einem \u00f6kumenischen Gottesdie<span style=\"font-size: 1rem;\">nst f\u00fcr die ganze Schule. In den letzten Jahren wurde alternativ eine Segensfeier auf dem Schulhof unter Beteiligung der evangelischen, katholischen und muslimischen Gemeinde durchgef\u00fchrt. Anschlie\u00dfend verteilt die Klassenlehrer*in in der Klasse die Zeugnisse der Viertkl\u00e4ssler und einen Gl\u00fccksbringer.<\/span><\/p>\n<p style=\"text-align: justify;\">Danach findet in der Aula oder bei gutem Wetter im Freien eine stimmungsvolle Abschiedsfeier statt, die von einzelnen Klassen musikalisch oder t\u00e4nzerisch gestaltet wird. Im Anschluss daran verabschiedet die Schulgemeinde auf dem Schulhof s<span style=\"font-size: 1rem;\">palierbildend und klatschend unsere Viertkl\u00e4ssler, die auf die gleiche Art und Weise vor vier Jahren begr\u00fc\u00dft worden sind.<\/span><\/p>\n<p style=\"text-align: justify;\">Es wird so ein harmonischer Bogen \u00fcber die gesamte Grundschulzeit gespannt &#8211; von der Begr\u00fc\u00dfung bei der Einschulungsfeier bis zur Verabschiedung bei der Abschiedsfeier.<\/p>\n<p>&nbsp;<\/p>\n<h5><span style=\"color: #000080;\"><strong>Lousbergfest<\/strong><\/span><\/h5>\n<p style=\"text-align: justify;\">Die Lousberggesellschaft (<cite>www.lousberg-gesellschaft.de), e<\/cite><span style=\"font-size: 1rem;\">in B\u00fcrgerverein zur Erhaltung und Pflege des Parkdenkmals\u00a0<\/span><strong style=\"font-size: 1rem;\">Lousberg<\/strong>, l\u00e4dt jedes Jahr im Sommer alle Familien zu ihrem Lousbergfest ein.\u00a0 Seit vielen Jahren unterst\u00fctzen wir dieses Engagement mit Beitr\u00e4gen einiger unserer Schulklassen. \u00dcberwiegend sind es die zweiten Klassen die dort ein Theaterst\u00fcck, Liedvortr\u00e4ge, Zirkusauff\u00fchrungen oder Sketche pr\u00e4sentieren.<\/p>\n<p align=\"justify\">Anschlie\u00dfend haben alle Gelegenheit bei Kaffee, Kuchen oder sonstigen Leckereien zusammenzusitzen. Die angebotenen Spiele f\u00fcr die Kinder sorgen f\u00fcr Besch\u00e4ftigung und Bewegung und oftmals gibt es sogar die M\u00f6glichkeit zum Ponyreiten.<\/p>\n<p align=\"justify\">Bisher hat das Wetter immer mitgespielt. Wir hoffen auch dieses Jahr wieder darauf.<\/p>\n","protected":false},"excerpt":{"rendered":"<p>Einschulung Unsere allj\u00e4hrliche Einschulung beginnt mit einem \u00f6kumenischen Gottesdienst f\u00fcr die Schulneulinge mit ihren Angeh\u00f6rigen in der Pfarrkirche Heilig Kreuz. In den letzten Jahren wurde alternativ eine Segensfeier auf dem [&hellip;]<\/p>\n","protected":false},"author":1,"featured_media":0,"parent":41,"menu_order":0,"comment_status":"closed","ping_status":"closed","template":"","meta":{"footnotes":""},"class_list":["post-72","page","type-page","status-publish","hentry"],"_links":{"self":[{"href":"https:\/\/www.schule-am-lousberg.de\/wordpress_3\/wp-json\/wp\/v2\/pages\/72","targetHints":{"allow":["GET"]}}],"collection":[{"href":"https:\/\/www.schule-am-lousberg.de\/wordpress_3\/wp-json\/wp\/v2\/pages"}],"about":[{"href":"https:\/\/www.schule-am-lousberg.de\/wordpress_3\/wp-json\/wp\/v2\/types\/page"}],"author":[{"embeddable":true,"href":"https:\/\/www.schule-am-lousberg.de\/wordpress_3\/wp-json\/wp\/v2\/users\/1"}],"replies":[{"embeddable":true,"href":"https:\/\/www.schule-am-lousberg.de\/wordpress_3\/wp-json\/wp\/v2\/comments?post=72"}],"version-history":[{"count":54,"href":"https:\/\/www.schule-am-lousberg.de\/wordpress_3\/wp-json\/wp\/v2\/pages\/72\/revisions"}],"predecessor-version":[{"id":6733,"href":"https:\/\/www.schule-am-lousberg.de\/wordpress_3\/wp-json\/wp\/v2\/pages\/72\/revisions\/6733"}],"up":[{"embeddable":true,"href":"https:\/\/www.schule-am-lousberg.de\/wordpress_3\/wp-json\/wp\/v2\/pages\/41"}],"wp:attachment":[{"href":"https:\/\/www.schule-am-lousberg.de\/wordpress_3\/wp-json\/wp\/v2\/media?parent=72"}],"curies":[{"name":"wp","href":"https:\/\/api.w.org\/{rel}","templated":true}]}}