{"id":41,"date":"2018-09-19T16:52:34","date_gmt":"2018-09-19T16:52:34","guid":{"rendered":"https:\/\/www.schule-am-lousberg.de\/wordpress_3\/?page_id=41"},"modified":"2023-08-21T22:16:05","modified_gmt":"2023-08-21T20:16:05","slug":"schulleben","status":"publish","type":"page","link":"https:\/\/www.schule-am-lousberg.de\/wordpress_3\/schulleben\/","title":{"rendered":"Schulleben"},"content":{"rendered":"<p>Hier finden Sie Informationen zu unserer Schule. Wenn Sie m\u00f6chten, schauen Sie gerne mit Ihrem Kind auch in unseren Blog, wo Sch\u00fcler*innen der homepage-AG aus ihrer Sicht die Schule vorstellen: <a href=\"https:\/\/www.schule-am-lousberg.de\/wordpress_3\/2023\/06\/kinder-beschreiben-fuer-kinder\/\">Kinder (be)schreiben f\u00fcr Kinder<\/a><\/p>\n<hr \/>\n<h5><span style=\"color: #000080;\">UNser Schulleben gestaltet sich sehr vielseitig und bunt<\/span><\/h5>\n<p style=\"text-align: justify;\">Neben unserem durch verschiedene <a href=\"https:\/\/www.schule-am-lousberg.de\/wordpress_3\/index.php\/schulleben\/schulfeste\/\">Feste und Feiern<\/a> rhythmisierten Schuljahr existieren an unserer Schule \u00fcbegreifende Konzepte, die zu einem harmonischen und strukturierten Schulleben f\u00fchren:<\/p>\n<h5 style=\"text-align: justify;\"><span style=\"color: #000080;\"><strong>RaumauftEilung<\/strong><\/span><\/h5>\n<p style=\"text-align: justify;\"><img loading=\"lazy\" decoding=\"async\" class=\"alignleft size-medium wp-image-419\" src=\"https:\/\/www.schule-am-lousberg.de\/wordpress_3\/wp-content\/uploads\/2018\/09\/leseecke-300x300.jpg\" alt=\"\" width=\"300\" height=\"300\" srcset=\"https:\/\/www.schule-am-lousberg.de\/wordpress_3\/wp-content\/uploads\/2018\/09\/leseecke-300x300.jpg 300w, https:\/\/www.schule-am-lousberg.de\/wordpress_3\/wp-content\/uploads\/2018\/09\/leseecke-150x150.jpg 150w, https:\/\/www.schule-am-lousberg.de\/wordpress_3\/wp-content\/uploads\/2018\/09\/leseecke-100x100.jpg 100w, https:\/\/www.schule-am-lousberg.de\/wordpress_3\/wp-content\/uploads\/2018\/09\/leseecke.jpg 608w\" sizes=\"auto, (max-width: 300px) 100vw, 300px\" \/>Wir sind eine Grundschule mit im Wechsel zwei Klassen bzw. drei Klassen pro Jahrgang (2,5-z\u00fcgig). Wir haben die Klassenr\u00e4ume so eingerichtet, dass die Parallelklassen jeweils direkt nebeneinander liegen.<\/p>\n<p style=\"text-align: justify;\">Wir sehen und erkennen viele <strong>Vorteile<\/strong> dabei:<\/p>\n<ul style=\"text-align: justify;\">\n<li>Die <strong>Teamarbeit<\/strong> zwischen den Klassenlehrer*innen ist bedeutend einfacher und wird mehr genutzt.<\/li>\n<li>Die Sch\u00fclerInnen der Parallelklassen k\u00f6nnen in gemischten Gruppen an Schwerpunkten arbeiten. So kann die eine Lehrkraft z.B. die Kinder der Klassen <strong>f\u00f6rdern<\/strong> , w\u00e4hrend die andere diese <strong>fordert.<\/strong><\/li>\n<li>Im <strong>Vertretungsfall<\/strong> springt die Parallellehrkraft mit passgenaueren Materialien ein.<\/li>\n<li>Die Kinder der Parallelklassen pflegen einen <strong>intensiveren Umgang<\/strong> miteinander und\u00a0 lernen m\u00f6glichst ohne Konkurrenzgedanken miteinander.<\/li>\n<\/ul>\n<h5 style=\"text-align: justify;\"><span style=\"color: #000080;\">Patenklassen<\/span><\/h5>\n<p style=\"text-align: justify;\"><img loading=\"lazy\" decoding=\"async\" class=\"alignleft size-medium wp-image-417\" src=\"https:\/\/www.schule-am-lousberg.de\/wordpress_3\/wp-content\/uploads\/2018\/09\/klassentiere2-300x225.jpg\" alt=\"\" width=\"300\" height=\"225\" srcset=\"https:\/\/www.schule-am-lousberg.de\/wordpress_3\/wp-content\/uploads\/2018\/09\/klassentiere2-300x225.jpg 300w, https:\/\/www.schule-am-lousberg.de\/wordpress_3\/wp-content\/uploads\/2018\/09\/klassentiere2-768x576.jpg 768w, https:\/\/www.schule-am-lousberg.de\/wordpress_3\/wp-content\/uploads\/2018\/09\/klassentiere2.jpg 811w\" sizes=\"auto, (max-width: 300px) 100vw, 300px\" \/>Damit die Erstkl\u00e4ssler gut ankommen, gibt es bei uns Unterst\u00fctzung durch die Paten. Die &#8222;Gro\u00dfen&#8220; aus den vierten Klassen k\u00fcmmern sich verantwortungsvoll um ihre kleinen Sch\u00fctzlinge aus den ersten Klassen umd erleichtern ihnen besonders in den ersten Schulwochen die Orientierung. Auch finden vielfach gemeinsame Aktionen wie Ausfl\u00fcge, ein gemeinsames Fr\u00fchst\u00fcck, Patenlesen o.\u00e4. statt.<\/p>\n<p style=\"text-align: justify;\">Oftmals helfen die gro\u00dfen Paten auch in der Pause, trocknen Tr\u00e4nen oder zeigen einfach auch nur den richtigen Weg. Eine sch\u00f6ne Erg\u00e4nzung zur Klassenlehrerin\/ zum Klassenlehrer.<\/p>\n","protected":false},"excerpt":{"rendered":"<p>Hier finden Sie Informationen zu unserer Schule. Wenn Sie m\u00f6chten, schauen Sie gerne mit Ihrem Kind auch in unseren Blog, wo Sch\u00fcler*innen der homepage-AG aus ihrer Sicht die Schule vorstellen: [&hellip;]<\/p>\n","protected":false},"author":1,"featured_media":0,"parent":0,"menu_order":0,"comment_status":"closed","ping_status":"closed","template":"","meta":{"footnotes":""},"class_list":["post-41","page","type-page","status-publish","hentry"],"_links":{"self":[{"href":"https:\/\/www.schule-am-lousberg.de\/wordpress_3\/wp-json\/wp\/v2\/pages\/41","targetHints":{"allow":["GET"]}}],"collection":[{"href":"https:\/\/www.schule-am-lousberg.de\/wordpress_3\/wp-json\/wp\/v2\/pages"}],"about":[{"href":"https:\/\/www.schule-am-lousberg.de\/wordpress_3\/wp-json\/wp\/v2\/types\/page"}],"author":[{"embeddable":true,"href":"https:\/\/www.schule-am-lousberg.de\/wordpress_3\/wp-json\/wp\/v2\/users\/1"}],"replies":[{"embeddable":true,"href":"https:\/\/www.schule-am-lousberg.de\/wordpress_3\/wp-json\/wp\/v2\/comments?post=41"}],"version-history":[{"count":11,"href":"https:\/\/www.schule-am-lousberg.de\/wordpress_3\/wp-json\/wp\/v2\/pages\/41\/revisions"}],"predecessor-version":[{"id":5813,"href":"https:\/\/www.schule-am-lousberg.de\/wordpress_3\/wp-json\/wp\/v2\/pages\/41\/revisions\/5813"}],"wp:attachment":[{"href":"https:\/\/www.schule-am-lousberg.de\/wordpress_3\/wp-json\/wp\/v2\/media?parent=41"}],"curies":[{"name":"wp","href":"https:\/\/api.w.org\/{rel}","templated":true}]}}

<p>Hier finden Sie Informationen zu unserer Schule. Wenn Sie möchten, schauen Sie gerne mit Ihrem Kind auch in unseren Blog, wo Schüler*innen der homepage-AG aus ihrer Sicht die Schule vorstellen: <a href="https://www.schule-am-lousberg.de/wordpress_3/2023/06/kinder-beschreiben-fuer-kinder/">Kinder (be)schreiben für Kinder</a></p>
<hr />
<h5><span style="color: #000080;">UNser Schulleben gestaltet sich sehr vielseitig und bunt</span></h5>
<p style="text-align: justify;">Neben unserem durch verschiedene <a href="https://www.schule-am-lousberg.de/wordpress_3/index.php/schulleben/schulfeste/">Feste und Feiern</a> rhythmisierten Schuljahr existieren an unserer Schule übegreifende Konzepte, die zu einem harmonischen und strukturierten Schulleben führen:</p>
<h5 style="text-align: justify;"><span style="color: #000080;"><strong>RaumauftEilung</strong></span></h5>
<p style="text-align: justify;"><img loading="lazy" decoding="async" class="alignleft size-medium wp-image-419" src="https://www.schule-am-lousberg.de/wordpress_3/wp-content/uploads/2018/09/leseecke-300x300.jpg" alt="" width="300" height="300" srcset="https://www.schule-am-lousberg.de/wordpress_3/wp-content/uploads/2018/09/leseecke-300x300.jpg 300w, https://www.schule-am-lousberg.de/wordpress_3/wp-content/uploads/2018/09/leseecke-150x150.jpg 150w, https://www.schule-am-lousberg.de/wordpress_3/wp-content/uploads/2018/09/leseecke-100x100.jpg 100w, https://www.schule-am-lousberg.de/wordpress_3/wp-content/uploads/2018/09/leseecke.jpg 608w" sizes="auto, (max-width: 300px) 100vw, 300px" />Wir sind eine Grundschule mit im Wechsel zwei Klassen bzw. drei Klassen pro Jahrgang (2,5-zügig). Wir haben die Klassenräume so eingerichtet, dass die Parallelklassen jeweils direkt nebeneinander liegen.</p>
<p style="text-align: justify;">Wir sehen und erkennen viele <strong>Vorteile</strong> dabei:</p>
<ul style="text-align: justify;">
<li>Die <strong>Teamarbeit</strong> zwischen den Klassenlehrer*innen ist bedeutend einfacher und wird mehr genutzt.</li>
<li>Die SchülerInnen der Parallelklassen können in gemischten Gruppen an Schwerpunkten arbeiten. So kann die eine Lehrkraft z.B. die Kinder der Klassen <strong>fördern</strong> , während die andere diese <strong>fordert.</strong></li>
<li>Im <strong>Vertretungsfall</strong> springt die Parallellehrkraft mit passgenaueren Materialien ein.</li>
<li>Die Kinder der Parallelklassen pflegen einen <strong>intensiveren Umgang</strong> miteinander und  lernen möglichst ohne Konkurrenzgedanken miteinander.</li>
</ul>
<h5 style="text-align: justify;"><span style="color: #000080;">Patenklassen</span></h5>
<p style="text-align: justify;"><img loading="lazy" decoding="async" class="alignleft size-medium wp-image-417" src="https://www.schule-am-lousberg.de/wordpress_3/wp-content/uploads/2018/09/klassentiere2-300x225.jpg" alt="" width="300" height="225" srcset="https://www.schule-am-lousberg.de/wordpress_3/wp-content/uploads/2018/09/klassentiere2-300x225.jpg 300w, https://www.schule-am-lousberg.de/wordpress_3/wp-content/uploads/2018/09/klassentiere2-768x576.jpg 768w, https://www.schule-am-lousberg.de/wordpress_3/wp-content/uploads/2018/09/klassentiere2.jpg 811w" sizes="auto, (max-width: 300px) 100vw, 300px" />Damit die Erstklässler gut ankommen, gibt es bei uns Unterstützung durch die Paten. Die &#8222;Großen&#8220; aus den vierten Klassen kümmern sich verantwortungsvoll um ihre kleinen Schützlinge aus den ersten Klassen umd erleichtern ihnen besonders in den ersten Schulwochen die Orientierung. Auch finden vielfach gemeinsame Aktionen wie Ausflüge, ein gemeinsames Frühstück, Patenlesen o.ä. statt.</p>
<p style="text-align: justify;">Oftmals helfen die großen Paten auch in der Pause, trocknen Tränen oder zeigen einfach auch nur den richtigen Weg. Eine schöne Ergänzung zur Klassenlehrerin/ zum Klassenlehrer.</p>

<p>Hier finden Sie Informationen zu unserer Schule. Wenn Sie möchten, schauen Sie gerne mit Ihrem Kind auch in unseren Blog, wo Schüler*innen der homepage-AG aus ihrer Sicht die Schule vorstellen: [&hellip;]</p>
