{"id":2461,"date":"2020-08-31T17:30:25","date_gmt":"2020-08-31T15:30:25","guid":{"rendered":"https:\/\/www.schule-am-lousberg.de\/wordpress_3\/?page_id=2461"},"modified":"2025-09-05T12:29:52","modified_gmt":"2025-09-05T10:29:52","slug":"alles-rund-um-die-anmeldung","status":"publish","type":"page","link":"https:\/\/www.schule-am-lousberg.de\/wordpress_3\/alles-rund-um-die-anmeldung\/","title":{"rendered":"Alles rund um die Anmeldung"},"content":{"rendered":"<p><strong><img loading=\"lazy\" decoding=\"async\" class=\"size-medium wp-image-5107 aligncenter\" src=\"https:\/\/www.schule-am-lousberg.de\/wordpress_3\/wp-content\/uploads\/2022\/09\/IMG_3722-256x300.jpg\" alt=\"\" width=\"256\" height=\"300\" srcset=\"https:\/\/www.schule-am-lousberg.de\/wordpress_3\/wp-content\/uploads\/2022\/09\/IMG_3722-256x300.jpg 256w, https:\/\/www.schule-am-lousberg.de\/wordpress_3\/wp-content\/uploads\/2022\/09\/IMG_3722-873x1024.jpg 873w, https:\/\/www.schule-am-lousberg.de\/wordpress_3\/wp-content\/uploads\/2022\/09\/IMG_3722-768x901.jpg 768w, https:\/\/www.schule-am-lousberg.de\/wordpress_3\/wp-content\/uploads\/2022\/09\/IMG_3722-1309x1536.jpg 1309w, https:\/\/www.schule-am-lousberg.de\/wordpress_3\/wp-content\/uploads\/2022\/09\/IMG_3722-1746x2048.jpg 1746w\" sizes=\"auto, (max-width: 256px) 100vw, 256px\" \/><\/strong><\/p>\n<p style=\"text-align: center;\"><strong>Eltern-Information<\/strong><\/p>\n<hr \/>\n<p><strong>Anmeldetermine:<\/strong><\/p>\n<p><a href=\"https:\/\/www.schule-am-lousberg.de\/wordpress_3\/wp-content\/uploads\/2025\/09\/Anmeldeinformationen-November-2025.pdf\">Anmeldeinformationen November 2025<\/a><\/p>\n<p><strong>Unterlagen zur Anmeldung, die Sie bitte ausgef\u00fcllt zum Anmeldetermin mitbringen:<\/strong><\/p>\n<ul>\n<li><a href=\"https:\/\/www.schule-am-lousberg.de\/wordpress_3\/wp-content\/uploads\/2025\/09\/Anmeldebogen-fuer-das-Schuljahr-2026-27.pdf\">Anmeldebogen f\u00fcr das Schuljahr 2026-27<\/a><\/li>\n<li><a href=\"https:\/\/www.schule-am-lousberg.de\/wordpress_3\/wp-content\/uploads\/2025\/09\/Formular-Einverstaendniserklaerung-Infromationsausstausch-KiTa-1.pdf\">Einverst\u00e4ndniserkl\u00e4rung zum Informationsaustausch mit dem Kindergarten<\/a><\/li>\n<li><a href=\"https:\/\/www.schule-am-lousberg.de\/wordpress_3\/wp-content\/uploads\/2025\/09\/Formular-zu-Datenschutz-Einwilligung.pdf\">Datenschutz-Einwilligung<\/a><\/li>\n<li><a href=\"https:\/\/www.schule-am-lousberg.de\/wordpress_3\/wp-content\/uploads\/2025\/09\/Einwilligung-Uebermittlung-der-Daten-an-Klassenpflegschaft-u.-OGS.pdf\">Einwilligung der Weitergabe der Daten an die Klassenpflegschaft und OGS<\/a><\/li>\n<li><a href=\"https:\/\/www.schule-am-lousberg.de\/wordpress_3\/wp-content\/uploads\/2025\/09\/Notfallzettel.pdf\">Notfallzettel<\/a><\/li>\n<li><a href=\"https:\/\/www.schule-am-lousberg.de\/wordpress_3\/wp-content\/uploads\/2025\/09\/Anmeldung-OGS-Betreuung-fuer-das-Schuljahr-2026-27.pdf\">Anmeldung OGS-Betreuung f\u00fcr das Schuljahr 2026-27<\/a><\/li>\n<li><a href=\"https:\/\/www.schule-am-lousberg.de\/wordpress_3\/wp-content\/uploads\/2025\/09\/Fragebogen-zur-OGS-Anmeldung.pdf\">Fragebogen zur OGS-Anmeldung<\/a><\/li>\n<\/ul>\n<p><span style=\"color: #ff0000;\"><strong><span style=\"color: #ff0000;\"><span style=\"color: #ff0000;\">Checkliste-Anmeldung-November 2025<\/span><\/span><\/strong><\/span><\/p>\n<p><a href=\"https:\/\/www.schule-am-lousberg.de\/wordpress_3\/wp-content\/uploads\/2025\/09\/Checkliste-Anmeldung-November-2025.pdf\">Checkliste Anmeldung November 2025<\/a><\/p>\n<hr \/>\n<p><strong>Informationen zu unserer Schule:<\/strong><\/p>\n<p><a href=\"https:\/\/www.schule-am-lousberg.de\/wordpress_3\/wp-content\/uploads\/2024\/06\/Schulwegplan-Lousberg-2024.pdf\">Schulwegplan Lousberg 2025<\/a><\/p>\n<p>Unser <a href=\"https:\/\/ucloud4schools.de\/lousberg\/index.php\/s\/QG23zXoKfwi8ojE\">Schulprogramm<\/a> Schuljahr 2024\/25<\/p>\n<h4>Informationen zu unseren Unterrichtskonzepten finden Sie hier: <a href=\"https:\/\/www.schule-am-lousberg.de\/wordpress_3\/index.php\/unterricht\/\">Unterricht<\/a><\/h4>\n<h1 style=\"text-align: center;\"><span style=\"color: #339966;\"><strong>Wir freuen uns auf Ihr Kind!<\/strong><\/span><\/h1>\n","protected":false},"excerpt":{"rendered":"<p>Eltern-Information Anmeldetermine: Anmeldeinformationen November 2025 Unterlagen zur Anmeldung, die Sie bitte ausgef\u00fcllt zum Anmeldetermin mitbringen: Anmeldebogen f\u00fcr das Schuljahr 2026-27 Einverst\u00e4ndniserkl\u00e4rung zum Informationsaustausch mit dem Kindergarten Datenschutz-Einwilligung Einwilligung der Weitergabe [&hellip;]<\/p>\n","protected":false},"author":1,"featured_media":0,"parent":0,"menu_order":0,"comment_status":"closed","ping_status":"closed","template":"","meta":{"footnotes":""},"class_list":["post-2461","page","type-page","status-publish","hentry"],"_links":{"self":[{"href":"https:\/\/www.schule-am-lousberg.de\/wordpress_3\/wp-json\/wp\/v2\/pages\/2461","targetHints":{"allow":["GET"]}}],"collection":[{"href":"https:\/\/www.schule-am-lousberg.de\/wordpress_3\/wp-json\/wp\/v2\/pages"}],"about":[{"href":"https:\/\/www.schule-am-lousberg.de\/wordpress_3\/wp-json\/wp\/v2\/types\/page"}],"author":[{"embeddable":true,"href":"https:\/\/www.schule-am-lousberg.de\/wordpress_3\/wp-json\/wp\/v2\/users\/1"}],"replies":[{"embeddable":true,"href":"https:\/\/www.schule-am-lousberg.de\/wordpress_3\/wp-json\/wp\/v2\/comments?post=2461"}],"version-history":[{"count":320,"href":"https:\/\/www.schule-am-lousberg.de\/wordpress_3\/wp-json\/wp\/v2\/pages\/2461\/revisions"}],"predecessor-version":[{"id":7355,"href":"https:\/\/www.schule-am-lousberg.de\/wordpress_3\/wp-json\/wp\/v2\/pages\/2461\/revisions\/7355"}],"wp:attachment":[{"href":"https:\/\/www.schule-am-lousberg.de\/wordpress_3\/wp-json\/wp\/v2\/media?parent=2461"}],"curies":[{"name":"wp","href":"https:\/\/api.w.org\/{rel}","templated":true}]}}