{"id":2381,"date":"2020-08-19T20:22:41","date_gmt":"2020-08-19T18:22:41","guid":{"rendered":"https:\/\/www.schule-am-lousberg.de\/wordpress_3\/?page_id=2381"},"modified":"2026-04-27T08:36:07","modified_gmt":"2026-04-27T06:36:07","slug":"aktuelle-elterninformationen","status":"publish","type":"page","link":"https:\/\/www.schule-am-lousberg.de\/wordpress_3\/aktuelle-elterninformationen\/","title":{"rendered":"Aktuelle Elterninformationen OGS"},"content":{"rendered":"<p><a href=\"https:\/\/www.schule-am-lousberg.de\/wordpress_3\/wp-content\/uploads\/2022\/09\/Abwesenheitsmeldung1.odt\">Abwesenheitsmeldung<\/a><\/p>\n<p><a href=\"https:\/\/www.schule-am-lousberg.de\/wordpress_3\/wp-content\/uploads\/2025\/12\/Ooche-Alaaf-2027.docx\">Ooche Alaaf!!! 2027<\/a><\/p>\n<p><a href=\"https:\/\/www.schule-am-lousberg.de\/wordpress_3\/wp-content\/uploads\/2026\/01\/Schliessungstage-2026.pdf\">Schlie\u00dfungstage 2026<\/a><\/p>\n<p><a href=\"https:\/\/www.schule-am-lousberg.de\/wordpress_3\/wp-content\/uploads\/2026\/04\/Menue-Min-food-KW-18.pdf\">Men\u00fc Min food KW 18<\/a><\/p>\n<hr \/>\n<h5><span style=\"color: #333399;\">Das Kipaparlament<\/span><\/h5>\n<p style=\"font-weight: 400;\"><strong><u>Ziele der Kipasprecher am Lousberg<\/u><\/strong><\/p>\n<ul>\n<li>den Fu\u00dfballplatz mit Kunstrasen ausstatten<\/li>\n<li>mehr M\u00fclleimer in der Schule<\/li>\n<li>Hofdienste<\/li>\n<li>mehr Stunden f\u00fcr die Reinigungskraft<\/li>\n<li>eventuell Hausschuhe<\/li>\n<\/ul>\n<p>Schulhof-\/Geb\u00e4udeversch\u00f6nerung:<\/p>\n<ul>\n<li>Fu\u00dfballpl\u00e4tze und B\u00e4nke nachstreichen<\/li>\n<li>Pflanzen kaufen<\/li>\n<li>Pflanzen in der gr\u00fcnen Oase\/Garten pflanzen<\/li>\n<li>Schlagl\u00f6cher uf dem Schulhof f\u00fcllen<\/li>\n<li>Flohmarkt veranstalten<\/li>\n<li>S\u00e4ulen putzen oder streichen<\/li>\n<li>L\u00f6cher im Treppenhaus f\u00fcllen<\/li>\n<li>Bez\u00fcge neu n\u00e4hen und reinigen<\/li>\n<li>Papiert\u00fccher im Musiksaal<\/li>\n<\/ul>\n<p style=\"font-weight: 400;\"><strong><u>Wir sind die KiPa Sprecher vom Lousberg:<\/u><\/strong><\/p>\n<p>Klasse 1: Jonas, Elena, Maxim und Alma<br \/>\nKasse 2: Noah und \u00a0Sara<br \/>\nKlasse 3: Leo, Linus, Emilia, Anouk, Flori und Anna<br \/>\nKlasse 4: Elsa, Nele, Marie, Emilia, Anton, Jule, Finn, Sascha, Lia und Dion<\/p>\n<hr \/>\n<h5><span style=\"color: #333399;\">Der Elternrat<\/span><\/h5>\n<p><img loading=\"lazy\" decoding=\"async\" class=\"alignnone wp-image-7535\" src=\"https:\/\/www.schule-am-lousberg.de\/wordpress_3\/wp-content\/uploads\/2025\/10\/1000392075-300x225.jpg\" alt=\"\" width=\"416\" height=\"312\" srcset=\"https:\/\/www.schule-am-lousberg.de\/wordpress_3\/wp-content\/uploads\/2025\/10\/1000392075-300x225.jpg 300w, https:\/\/www.schule-am-lousberg.de\/wordpress_3\/wp-content\/uploads\/2025\/10\/1000392075-1024x768.jpg 1024w, https:\/\/www.schule-am-lousberg.de\/wordpress_3\/wp-content\/uploads\/2025\/10\/1000392075-768x576.jpg 768w, https:\/\/www.schule-am-lousberg.de\/wordpress_3\/wp-content\/uploads\/2025\/10\/1000392075-1536x1152.jpg 1536w, https:\/\/www.schule-am-lousberg.de\/wordpress_3\/wp-content\/uploads\/2025\/10\/1000392075-2048x1536.jpg 2048w\" sizes=\"auto, (max-width: 416px) 100vw, 416px\" \/><\/p>\n<p>von links: Maria-Sol Ferrer (Klasse 1), Moritz Maercks (Klasse 3), Thorsten Maiwald (Klasse 2), Ada Canaj (Klasse 1), Anastasia Salomon (Klasse 3), Isabell Allwicher (Klasse 2)<\/p>\n<p>Falls Sie mit dem Elternrat in Kontakt treten m\u00f6chten, nutzen Sie bitte die folgende E-Mailadresse: elternrat.am.lousberg@gmx.de<\/p>\n<p>&nbsp;<\/p>\n","protected":false},"excerpt":{"rendered":"<p>Abwesenheitsmeldung Ooche Alaaf!!! 2027 Schlie\u00dfungstage 2026 Men\u00fc Min food KW 18 Das Kipaparlament Ziele der Kipasprecher am Lousberg den Fu\u00dfballplatz mit Kunstrasen ausstatten mehr M\u00fclleimer in der Schule Hofdienste mehr [&hellip;]<\/p>\n","protected":false},"author":1,"featured_media":0,"parent":0,"menu_order":0,"comment_status":"closed","ping_status":"closed","template":"","meta":{"footnotes":""},"class_list":["post-2381","page","type-page","status-publish","hentry"],"_links":{"self":[{"href":"https:\/\/www.schule-am-lousberg.de\/wordpress_3\/wp-json\/wp\/v2\/pages\/2381","targetHints":{"allow":["GET"]}}],"collection":[{"href":"https:\/\/www.schule-am-lousberg.de\/wordpress_3\/wp-json\/wp\/v2\/pages"}],"about":[{"href":"https:\/\/www.schule-am-lousberg.de\/wordpress_3\/wp-json\/wp\/v2\/types\/page"}],"author":[{"embeddable":true,"href":"https:\/\/www.schule-am-lousberg.de\/wordpress_3\/wp-json\/wp\/v2\/users\/1"}],"replies":[{"embeddable":true,"href":"https:\/\/www.schule-am-lousberg.de\/wordpress_3\/wp-json\/wp\/v2\/comments?post=2381"}],"version-history":[{"count":215,"href":"https:\/\/www.schule-am-lousberg.de\/wordpress_3\/wp-json\/wp\/v2\/pages\/2381\/revisions"}],"predecessor-version":[{"id":7863,"href":"https:\/\/www.schule-am-lousberg.de\/wordpress_3\/wp-json\/wp\/v2\/pages\/2381\/revisions\/7863"}],"wp:attachment":[{"href":"https:\/\/www.schule-am-lousberg.de\/wordpress_3\/wp-json\/wp\/v2\/media?parent=2381"}],"curies":[{"name":"wp","href":"https:\/\/api.w.org\/{rel}","templated":true}]}}